{"id":11,"date":"2017-07-08T10:49:32","date_gmt":"2017-07-08T08:49:32","guid":{"rendered":"http:\/\/mpigne.ovh\/bcpst1\/?page_id=11"},"modified":"2021-02-24T15:22:33","modified_gmt":"2021-02-24T14:22:33","slug":"liens-utiles","status":"publish","type":"page","link":"http:\/\/mpigne.ovh\/bcpst1\/liens-utiles\/","title":{"rendered":"Liens utiles"},"content":{"rendered":"<p><strong>Les sites du lyc\u00e9e :<\/strong><\/p>\n<ul>\n<li style=\"list-style-type: none;\">\n<ul>\n<li><a href=\"http:\/\/www.lycee-pothier.com\/\"><img loading=\"lazy\" class=\"alignnone wp-image-12\" src=\"http:\/\/mpigne.ovh\/bcpst1\/wp-content\/uploads\/2017\/07\/lyce\u0301e-pothier-293x300.jpg\" alt=\"\" width=\"48\" height=\"49\" srcset=\"http:\/\/mpigne.ovh\/bcpst1\/wp-content\/uploads\/2017\/07\/lyce\u0301e-pothier-293x300.jpg 293w, http:\/\/mpigne.ovh\/bcpst1\/wp-content\/uploads\/2017\/07\/lyce\u0301e-pothier-150x150.jpg 150w, http:\/\/mpigne.ovh\/bcpst1\/wp-content\/uploads\/2017\/07\/lyce\u0301e-pothier-160x160.jpg 160w, http:\/\/mpigne.ovh\/bcpst1\/wp-content\/uploads\/2017\/07\/lyce\u0301e-pothier-320x320.jpg 320w, http:\/\/mpigne.ovh\/bcpst1\/wp-content\/uploads\/2017\/07\/lyce\u0301e-pothier.jpg 624w\" sizes=\"(max-width: 48px) 100vw, 48px\" \/>\u00a0Le lyc\u00e9e Pothier<\/a><\/li>\n<li><a href=\"https:\/\/lycees.netocentre.fr\/portail\/f\/welcome\/normal\/render.uP\"><img loading=\"lazy\" class=\"alignnone wp-image-15\" src=\"http:\/\/mpigne.ovh\/bcpst1\/wp-content\/uploads\/2017\/07\/Netocentre.jpg\" alt=\"\" width=\"85\" height=\"27\" \/>l&rsquo;ENT (Espace Num\u00e9rique de Travail)<\/a><\/li>\n<\/ul>\n<\/li>\n<\/ul>\n<p><strong>Les sites des concours et d&rsquo;orientation :<\/strong><\/p>\n<ul>\n<li><a href=\"http:\/\/scei-concours.fr\/concours.php\">le SCEI (site commun de gestion des concours)<\/a><\/li>\n<li><a href=\"http:\/\/www.concours-agro-veto.net\">le SCAV (Service des Concours Agro-Veto)<\/a><\/li>\n<li><a href=\"http:\/\/g2e.ensg.univ-lorraine.fr\/\">le site de G2E<\/a><\/li>\n<\/ul>\n<p><strong>Les sites de math\u00e9matiques :<\/strong><\/p>\n<ul>\n<li><a href=\"http:\/\/culturemath.ens.fr\/\">le site de culture g\u00e9n\u00e9rale des math\u00e9matiques de l&rsquo;ENS<\/a><\/li>\n<li><a href=\"http:\/\/www.adetais.ovh\/ecs2\/\">le site de Mme Detais (Maths ECS2 Lyc\u00e9e Pothier)<\/a><\/li>\n<li><a href=\"http:\/\/math1a.bcpsthoche.fr\/\">le site de M Godillon (Maths BCPST1 Lyc\u00e9e Hoche)<\/a><\/li>\n<\/ul>\n<p><strong>Les sites d&rsquo;informatique :<\/strong><\/p>\n<ul>\n<li><a href=\"http:\/\/www.france-ioi.org\/algo\/chapters.php\">un site pour apprendre ou se perfectionner dans la programmation PYTHON<\/a><\/li>\n<li><a href=\"http:\/\/lwh.free.fr\/pages\/algo\/tri\/tri.htm\">un site sp\u00e9cialis\u00e9 dans les algorithmes de tri<\/a><\/li>\n<li><a href=\"https:\/\/www.tresfacile.net\/\">un site avec des tutoriels et des exercices en Python<\/a><\/li>\n<li><a href=\"https:\/\/repl.it\/\">un site pour travailler de fa\u00e7on collaborative \u00e0 distance sur un projet PYTHON<\/a><\/li>\n<\/ul>\n<p><strong>Quelques liens pour la culture g\u00e9n\u00e9rale en maths\u00a0 :<\/strong><\/p>\n<ul>\n<li><a href=\"https:\/\/www.youtube.com\/watch?v=OmJ-4B-mS-Y\" data-rel=\"lightbox-video-0\">une carte des math\u00e9matiques<\/a><\/li>\n<li><a href=\"https:\/\/www.youtube.com\/watch?v=Uj3_KqkI9Zo\" data-rel=\"lightbox-video-1\">le paradoxe de l&rsquo;h\u00f4tel infini<\/a><\/li>\n<li><a href=\"https:\/\/www.youtube.com\/channel\/UCYO_jab_esuFRV4b17AJtAw\">une chaine youtube pr\u00e9sentant de fa\u00e7on claire des concept ambitieux : 3Blue1Brown<\/a><\/li>\n<li><a href=\"https:\/\/www.youtube.com\/watch?v=U4ogK0MIzqk\" data-rel=\"lightbox-video-2\">un exemple de programmation d&rsquo;un jeu d&rsquo;\u00e9checs<\/a><\/li>\n<\/ul>\n","protected":false},"excerpt":{"rendered":"<p>Les sites du lyc\u00e9e : \u00a0Le lyc\u00e9e Pothier l&rsquo;ENT (Espace Num\u00e9rique de Travail) Les sites des concours et d&rsquo;orientation : le SCEI (site commun de gestion des concours) le SCAV (Service des Concours Agro-Veto)&#46;&#46;&#46;<\/p>\n","protected":false},"author":1,"featured_media":0,"parent":0,"menu_order":0,"comment_status":"closed","ping_status":"closed","template":"","meta":[],"_links":{"self":[{"href":"http:\/\/mpigne.ovh\/bcpst1\/wp-json\/wp\/v2\/pages\/11"}],"collection":[{"href":"http:\/\/mpigne.ovh\/bcpst1\/wp-json\/wp\/v2\/pages"}],"about":[{"href":"http:\/\/mpigne.ovh\/bcpst1\/wp-json\/wp\/v2\/types\/page"}],"author":[{"embeddable":true,"href":"http:\/\/mpigne.ovh\/bcpst1\/wp-json\/wp\/v2\/users\/1"}],"replies":[{"embeddable":true,"href":"http:\/\/mpigne.ovh\/bcpst1\/wp-json\/wp\/v2\/comments?post=11"}],"version-history":[{"count":18,"href":"http:\/\/mpigne.ovh\/bcpst1\/wp-json\/wp\/v2\/pages\/11\/revisions"}],"predecessor-version":[{"id":1151,"href":"http:\/\/mpigne.ovh\/bcpst1\/wp-json\/wp\/v2\/pages\/11\/revisions\/1151"}],"wp:attachment":[{"href":"http:\/\/mpigne.ovh\/bcpst1\/wp-json\/wp\/v2\/media?parent=11"}],"curies":[{"name":"wp","href":"https:\/\/api.w.org\/{rel}","templated":true}]}}