{"id":25,"date":"2017-07-08T11:04:36","date_gmt":"2017-07-08T09:04:36","guid":{"rendered":"http:\/\/mpigne.ovh\/bcpst1\/?page_id=25"},"modified":"2019-08-29T15:26:02","modified_gmt":"2019-08-29T13:26:02","slug":"devoirs","status":"publish","type":"page","link":"http:\/\/mpigne.ovh\/bcpst1\/devoirs\/","title":{"rendered":"Devoirs"},"content":{"rendered":"<p>Vous trouverez dans cette section les \u00e9nonc\u00e9s des devoirs.<\/p>\n<p>La rotation des devoirs sur l&rsquo;ann\u00e9e est indiqu\u00e9e ici :<\/p>\n","protected":false},"excerpt":{"rendered":"<p>Vous trouverez dans cette section les \u00e9nonc\u00e9s des devoirs. La rotation des devoirs sur l&rsquo;ann\u00e9e est indiqu\u00e9e ici :<\/p>\n","protected":false},"author":1,"featured_media":0,"parent":0,"menu_order":0,"comment_status":"closed","ping_status":"closed","template":"","meta":[],"_links":{"self":[{"href":"http:\/\/mpigne.ovh\/bcpst1\/wp-json\/wp\/v2\/pages\/25"}],"collection":[{"href":"http:\/\/mpigne.ovh\/bcpst1\/wp-json\/wp\/v2\/pages"}],"about":[{"href":"http:\/\/mpigne.ovh\/bcpst1\/wp-json\/wp\/v2\/types\/page"}],"author":[{"embeddable":true,"href":"http:\/\/mpigne.ovh\/bcpst1\/wp-json\/wp\/v2\/users\/1"}],"replies":[{"embeddable":true,"href":"http:\/\/mpigne.ovh\/bcpst1\/wp-json\/wp\/v2\/comments?post=25"}],"version-history":[{"count":5,"href":"http:\/\/mpigne.ovh\/bcpst1\/wp-json\/wp\/v2\/pages\/25\/revisions"}],"predecessor-version":[{"id":757,"href":"http:\/\/mpigne.ovh\/bcpst1\/wp-json\/wp\/v2\/pages\/25\/revisions\/757"}],"wp:attachment":[{"href":"http:\/\/mpigne.ovh\/bcpst1\/wp-json\/wp\/v2\/media?parent=25"}],"curies":[{"name":"wp","href":"https:\/\/api.w.org\/{rel}","templated":true}]}}