{"id":47,"date":"2017-07-08T11:23:05","date_gmt":"2017-07-08T09:23:05","guid":{"rendered":"http:\/\/mpigne.ovh\/bcpst1\/?page_id=47"},"modified":"2021-07-15T11:41:38","modified_gmt":"2021-07-15T09:41:38","slug":"organisation-des-colles","status":"publish","type":"page","link":"http:\/\/mpigne.ovh\/bcpst1\/organisation-des-colles\/","title":{"rendered":"Organisation des colles"},"content":{"rendered":"<p><a href=\"http:\/\/mpigne.ovh\/bcpst1\/wp-content\/uploads\/2017\/07\/bilan-de-comp\u00e9tence-oral-2017-2018.pdf\">explications de l&rsquo;\u00e9valuation des comp\u00e9tences<\/a><\/p>\n<p><a href=\"http:\/\/mpigne.ovh\/bcpst1\/wp-content\/uploads\/2017\/07\/fiche-de-comp\u00e9tence-2017-2018.pdf\">fiche de comp\u00e9tences orales<\/a><\/p>\n\n\n<p><\/p>\n","protected":false},"excerpt":{"rendered":"<p>explications de l&rsquo;\u00e9valuation des comp\u00e9tences fiche de comp\u00e9tences orales<\/p>\n","protected":false},"author":1,"featured_media":0,"parent":0,"menu_order":0,"comment_status":"closed","ping_status":"closed","template":"","meta":[],"_links":{"self":[{"href":"http:\/\/mpigne.ovh\/bcpst1\/wp-json\/wp\/v2\/pages\/47"}],"collection":[{"href":"http:\/\/mpigne.ovh\/bcpst1\/wp-json\/wp\/v2\/pages"}],"about":[{"href":"http:\/\/mpigne.ovh\/bcpst1\/wp-json\/wp\/v2\/types\/page"}],"author":[{"embeddable":true,"href":"http:\/\/mpigne.ovh\/bcpst1\/wp-json\/wp\/v2\/users\/1"}],"replies":[{"embeddable":true,"href":"http:\/\/mpigne.ovh\/bcpst1\/wp-json\/wp\/v2\/comments?post=47"}],"version-history":[{"count":20,"href":"http:\/\/mpigne.ovh\/bcpst1\/wp-json\/wp\/v2\/pages\/47\/revisions"}],"predecessor-version":[{"id":1179,"href":"http:\/\/mpigne.ovh\/bcpst1\/wp-json\/wp\/v2\/pages\/47\/revisions\/1179"}],"wp:attachment":[{"href":"http:\/\/mpigne.ovh\/bcpst1\/wp-json\/wp\/v2\/media?parent=47"}],"curies":[{"name":"wp","href":"https:\/\/api.w.org\/{rel}","templated":true}]}}